composite?
False
Let l(r) = 214*r + 229. Suppose -16 = -8*v + 40. Is l(v) prime?
False
Let a(v) = 2920*v - 154. Let u be a(8). Is u/12 - (-14)/84 a prime number?
False
Let h(b) = -b**3 + 12*b**2 + 13*b + 7. Let d be h(13). Suppose d*c = 188 + 911. Is c a prime number?
True
Suppose -2*k = 3*z - 496967, -6*z + z + 828273 = -2*k. Suppose -13*h + 234498 = -z. Is h composite?
False
Suppose 2*z = -1062 - 2262. Let q = 2447 + z. Is q a composite number?
True
Suppose -y + 3*k + 22707 = -494819, -4*y + 2*k = -2070114. Is y a prime number?
False
Let g = 46403 + -23152. Is g composite?
False
Let x(o) = 14 + 2041*o + 1659*o + 398*o - 73. Is x(4) composite?
False
Let m = -61009 - -92640. Is m prime?
False
Suppose -y = 3*j + 7, -2*y = -3*j + 7 - 2. Is 3*274 + (-1 - 0/y) prime?
True
Let t(v) = -60*v**3 - 10*v**2 + 63*v - 49. Let n(o) = -30*o**3 - 5*o**2 + 31*o - 25. Let d(x) = -9*n(x) + 4*t(x). Is d(12) a composite number?
True
Let m = 17 - 18. Let f(w) = w**3 - 34*w**2 + 30*w + 92. Let y be f(34). Is (y - m)*21/63 a prime number?
False
Suppose -5*a = -2*z + 6351, -27 + 2 = 5*a. Suppose -g + 3*b = -3586, -2*g + 4021 + z = -2*b. Is g composite?
True
Let j be ((-6)/(-5))/((-7)/(175/10)). Is (420 + 2)/(9/36) - j a composite number?
True
Suppose -5*f - 2 = 5*i + 3, 2*f = -3*i - 7. Suppose -f = -q - 0*q. Suppose q*p - 1114 = 2*p. Is p a composite number?
False
Let j(r) = -17*r**3 + r**2 - 3*r - 6. Let b(y) = 35*y**3 - 2*y**2 + 6*y + 12. Let x(q) = 4*b(q) + 7*j(q). Let g be x(-2). Let w = 291 + g. Is w composite?
True
Let k = 20904 - 20059. Let u be (4/6)/(1/3). Suppose u*l + 4*i - 722 = 0, -2*l - 5*i - 128 = -k. Is l a composite number?
True
Let z(v) = 168*v + 9. Let s be (-2 - -1)*-1 + 4. Let c(d) = d + 1. Let i(h) = s*c(h) - z(h). Is i(-3) prime?
False
Suppose 4*y + 58 = -30. Let v be 33/y - (-1)/2. Is -4 + (1825 - v) - 5 a prime number?
False
Suppose 11*a - 163647 - 74647 = 417. Is a a composite number?
False
Suppose 0 = -2*n - 3*a + 40351, 44*a = 47*a + 3. Is n prime?
True
Let r(w) = w**3 - w**2 - 2*w + 1. Let o(k) = 21*k**3 + 12*k**2 + 11*k + 31. Let i(p) = -o(p) - 2*r(p). Is i(-8) a composite number?
False
Suppose -13*v - 966360 = -25*v. Suppose 0*k + v = 10*k. Is k a prime number?
True
Suppose 0 = -3*m + w - 4577, 2*m + 2331 = 4*w - 717. Let c = 2325 + m. Is c composite?
True
Let t be 2/8 - (266823/(-36) + -9). Suppose 0 = -3*h + 4*h - t. Is h a prime number?
False
Let w be 2*2191/(-56)*(6 - 2). Let b(t) = 18*t**3 + 3*t**2 + 5*t - 4. Let n be b(3). Let q = w + n. Is q a prime number?
True
Suppose 0 = -5*s - 106076 + 274126. Let a = -20669 + s. Is a prime?
True
Let w(q) = -2*q**2 + 16*q - 10. Let b be w(7). Suppose 0 = b*m - 5*h - 18, -11 + 1 = -5*h. Suppose -m*v + 334 = -5*v. Is v prime?
True
Let p(u) = 2*u**2 - 170*u + 665. Is p(-74) composite?
False
Let a be (-1 + -1*2636)/(-7 + 6). Let s = -1174 - -2712. Let m = a - s. Is m composite?
True
Suppose 101*b - 72*b - 2528771 = 0. Is b a prime number?
False
Suppose 0*z + 54 = -3*z. Let r be (z/(-9))/((-4)/1298). Let j = r - -1206. Is j prime?
True
Let f = 111185 + -61332. Is f a composite number?
False
Let x = -658316 - -1814839. Is x composite?
False
Let k be 2 + 5 + (4 - 9). Suppose -k*h + 27482 = 2*x, 4*x = 5*h - 0*h + 55000. Is x a composite number?
True
Is (4100568/6)/(8*8/16) composite?
False
Is -2 - (-2 + (-306276)/12) a prime number?
True
Let k be 204/(-60) + (-12)/(-30). Let x(y) be the first derivative of 11*y**3 - y**2/2 + 2*y + 1. Is x(k) a composite number?
True
Suppose -19539 - 208750 = -4*g - z, -2*g + 114137 = 3*z. Is g a composite number?
False
Is (10/(-100) - 29600158/(-280))*8/6 a prime number?
False
Let w(m) = -30699*m - 545. Is w(-4) prime?
True
Let a(y) = 17*y**3 - 36*y**3 + 37 - 6*y - y + y**2 + 15*y**3. Is a(-7) prime?
False
Suppose -74*i + 23*i - 1657452 + 23465205 = 0. Is i prime?
False
Let h(x) = 102060*x**2 - 12*x - 13. Is h(-1) composite?
False
Is (-4601035440)/(-7920) + ((-20)/11 - -2) prime?
True
Suppose 51*o - 2*u = 53*o, 0 = 3*o - 3*u - 18. Suppose 10 + 15 = -5*n, n - 593 = -2*z. Suppose 4*i - z = -d + 472, -o*d = -5*i - 2398. Is d prime?
False
Let y = 48112 - 8819. Is y composite?
False
Suppose 0 = -2*g - 5*y + 25458, 3*g = 2*y + 26929 + 11296. Is g a composite number?
False
Let y = -56 + 76. Let l = y + -13. Is 24/42 + 10741/l composite?
True
Let i(v) = -v**3 + 155*v**2 - 387*v - 93. Is i(150) composite?
True
Let n be 1/(6/9033) + (-7)/14. Let s(i) = i**2 + 10*i - 7. Let g be s(-11). Suppose 4*p - 1064 = -g*q + 152, n = 5*p + 2*q. Is p composite?
True
Let f = 123225 + 84698. Is f a prime number?
True
Let q = 190073 + -31660. Is q prime?
False
Let f be 63/15 - -3 - (-2)/(-10). Suppose -2 - f = -s + 2*o, -2*s - 3*o = 10. Is (2/(-4))/(43710/43716 - s) a prime number?
True
Let z(p) = 24*p + 19. Let a be (-15)/(-12)*(5 - 1). Let m be 2*a*(-2)/(-15)*6. Is z(m) prime?
True
Let p(k) = -38*k**3 + 3*k**2 - k + 23. Suppose 5*b + 4*d + 4 = -1, -4*b + d = 25. Is p(b) a composite number?
True
Suppose -65*y = -58*y + 812. Let b = y + 121. Let p(d) = 389*d + 9. Is p(b) prime?
False
Let z = 6529 - 4350. Is z prime?
True
Let p(g) = g**2 - 4*g - 15. Let l be p(7). Suppose -2*v - 15 = -3*d, -3*d - l*v + 15 = -v. Suppose 115 = -d*t + 180. Is t composite?
False
Is ((-435)/261)/(15/(-167949)) prime?
True
Suppose -w + 9000 = -5*k, -4*k - 46915 = -5*w - 1978. Let j = w + -1915. Suppose 5*l - 15*l = -j. Is l composite?
True
Let i(o) = o**3 + 41*o**2 - 211*o - 204. Is i(-43) a prime number?
True
Suppose -166695 = 3*t - 6*t. Is t a composite number?
True
Let p = -196 + 198. Suppose -f + 2111 = p*h - 464, -4*f - 4*h = -10288. Is f a prime number?
False
Suppose 0 = 10*v - 8*v - 620. Let k = v + -541. Let y = 302 - k. Is y a prime number?
False
Suppose 2*h = -4*u + 329278, 174*h + 4*u = 179*h - 823195. Is h prime?
False
Let d(w) = -2511*w**2 + 18*w - 42. Let q be d(12). Is ((-2)/(-6))/(-7*10/q) prime?
True
Suppose 26 = z + 3*w, 3*z = -w + 4*w + 54. Suppose 4*h = z*h - 70288. Is h a prime number?
False
Let v be (-8)/(-10)*(-30)/(-12). Let j be 0 + 0 - (v - -13). Let r(o) = o**3 + 14*o**2 - 23*o - 29. Is r(j) prime?
False
Let n(y) = -y**3 - 5*y**2 + 2*y - 15. Let w be n(-6). Suppose -8*b = -w*b + 2633. Is b a prime number?
True
Let k(o) = -o**3 - 10*o**2 + o - 11. Let c be 3 - (134/10 + (-4)/10). Let x be k(c). Is (-36513)/x - (-2)/7 prime?
False
Suppose -3*f - 9 = -3. Let y(u) = -731*u + 9. Is y(f) prime?
True
Let d(s) = 2*s**3 - 74*s**2 - 76*s + 12. Let v be d(38). Suppose 32915 = -v*m + 17*m. Is m prime?
False
Suppose -3*q = -6, 0 = -9*c + 8*c + 4*q + 33723. Is c composite?
True
Suppose 397*b + 12947103 = 39*b + 68872789. Is b a composite number?
False
Let l(x) = -x**3 + 4*x**2 - 3*x + 5. Let y be l(3). Suppose 9456 = y*i - 2554. Is i prime?
False
Let l be 73870/(-60)*-70 - 2/3. Suppose -3*i = q - 17231, 6*q - q + 2*i = l. Is q composite?
True
Let x(f) = 134*f**3 - 2*f**2 + f - 71. Is x(6) composite?
False
Let a be (-1 - -1) + 9/((-99)/(-36520)). Suppose 14*t = 10*t - q + a, -2*q - 3332 = -4*t. Is t prime?
False
Let p be (3/18*-3)/((-1)/2). Let k(s) = p + 213*s - 3 + 2 - 5. Is k(3) a composite number?
True
Suppose -3*i + 3*q + 99 = 0, -2*i + 3*q + 22 + 45 = 0. Let k be (0 + -2)*(-1552)/i. Let b = k + -59. Is b a composite number?
True
Let p(c) = 5245*c + 1593. Is p(24) prime?
False
Suppose -b = -3*k - 28, 4*b = -6 - 2. Let w be (0 - 2)*(-4)/(-8)*k. Is 2156/5 - 2/w a prime number?
True
Suppose 350898 = 3*y - 5*p, 99*p + 6 = 101*p. Is y a prime number?
False
Let u be (-6)/10*5 + 6638 + -1. Suppose -12 = -5*j + 3, -i + u = -j. Is i a prime number?
True
Let k = 90706 + -44477. Is k composite?
False
Suppose -11*t + 264792 = -5731. Is t prime?
True
Let w be (1060/(-8))/(6 + (-985)/164). Let v = -10157 + w. Is v prime?
False
Let o(b) = b**3 - 26*b**2 + 34*b + 62. Suppose -37*u - 135 = -42*u. Is o(u) a prime number?
True
Suppose 4*r = 2*t - 466084 - 732354, 3*t + 3*r = 1797711. Is t a prime number?
True
Let q(b) = b**2 + 3*b - 15. Let s be q(-6). Let x(z) = -7*z + 24. Let w be x(s). Suppose -5*r + 16 = -4*k + 10527, -5*r + 7892 = w*k. Is k composite?
True
Let f = -55865 - -80422. Is f a prime number?
False
Let f be (2 + 2)*((-51860)/(-16) - -1). Let z = f + -7773. Suppose 0 = 5*k + 1261 - z. Is k composite?